{"id":357,"date":"2015-04-29T02:21:56","date_gmt":"2015-04-29T00:21:56","guid":{"rendered":"http:\/\/www.segunda-feira.de\/?page_id=357"},"modified":"2015-06-17T02:29:37","modified_gmt":"2015-06-17T00:29:37","slug":"wasn","status":"publish","type":"page","link":"http:\/\/www.segunda-feira.de\/?page_id=357","title":{"rendered":"Was&#8217;n?"},"content":{"rendered":"<p><a href=\"http:\/\/www.segunda-feira.de\/wp-content\/uploads\/2015\/04\/Karsten-Montag.jpg\"><img loading=\"lazy\" decoding=\"async\" class=\"alignnone size-large wp-image-358\" src=\"http:\/\/www.segunda-feira.de\/wp-content\/uploads\/2015\/04\/Karsten-Montag-1024x683.jpg\" alt=\"Karsten Montag\" width=\"584\" height=\"390\" srcset=\"http:\/\/www.segunda-feira.de\/wp-content\/uploads\/2015\/04\/Karsten-Montag.jpg 1024w, http:\/\/www.segunda-feira.de\/wp-content\/uploads\/2015\/04\/Karsten-Montag-300x200.jpg 300w, http:\/\/www.segunda-feira.de\/wp-content\/uploads\/2015\/04\/Karsten-Montag-450x300.jpg 450w\" sizes=\"auto, (max-width: 584px) 100vw, 584px\" \/><\/a><\/p>\n<p>W\u00e4hrend meine Frau Sylvia in Brasilia arbeitet, lerne ich Portugiesisch, reise durch S\u00fcdamerika und berichte dar\u00fcber. Und ansonsten mache ich mir Gedanken \u00fcber Gott und die Welt.<\/p>\n","protected":false},"excerpt":{"rendered":"<p>W\u00e4hrend meine Frau Sylvia in Brasilia arbeitet, lerne ich Portugiesisch, reise durch S\u00fcdamerika und berichte dar\u00fcber. Und ansonsten mache ich mir Gedanken \u00fcber Gott und die Welt.<\/p>\n","protected":false},"author":1,"featured_media":0,"parent":0,"menu_order":0,"comment_status":"open","ping_status":"open","template":"sidebar-page.php","meta":{"jetpack_post_was_ever_published":false,"footnotes":""},"class_list":["post-357","page","type-page","status-publish","hentry"],"jetpack_sharing_enabled":true,"jetpack_shortlink":"https:\/\/wp.me\/P64WYd-5L","jetpack_likes_enabled":true,"_links":{"self":[{"href":"http:\/\/www.segunda-feira.de\/index.php?rest_route=\/wp\/v2\/pages\/357","targetHints":{"allow":["GET"]}}],"collection":[{"href":"http:\/\/www.segunda-feira.de\/index.php?rest_route=\/wp\/v2\/pages"}],"about":[{"href":"http:\/\/www.segunda-feira.de\/index.php?rest_route=\/wp\/v2\/types\/page"}],"author":[{"embeddable":true,"href":"http:\/\/www.segunda-feira.de\/index.php?rest_route=\/wp\/v2\/users\/1"}],"replies":[{"embeddable":true,"href":"http:\/\/www.segunda-feira.de\/index.php?rest_route=%2Fwp%2Fv2%2Fcomments&post=357"}],"version-history":[{"count":3,"href":"http:\/\/www.segunda-feira.de\/index.php?rest_route=\/wp\/v2\/pages\/357\/revisions"}],"predecessor-version":[{"id":658,"href":"http:\/\/www.segunda-feira.de\/index.php?rest_route=\/wp\/v2\/pages\/357\/revisions\/658"}],"wp:attachment":[{"href":"http:\/\/www.segunda-feira.de\/index.php?rest_route=%2Fwp%2Fv2%2Fmedia&parent=357"}],"curies":[{"name":"wp","href":"https:\/\/api.w.org\/{rel}","templated":true}]}}

<p><a href="http://www.segunda-feira.de/wp-content/uploads/2015/04/Karsten-Montag.jpg"><img loading="lazy" decoding="async" class="alignnone size-large wp-image-358" src="http://www.segunda-feira.de/wp-content/uploads/2015/04/Karsten-Montag-1024x683.jpg" alt="Karsten Montag" width="584" height="390" srcset="http://www.segunda-feira.de/wp-content/uploads/2015/04/Karsten-Montag.jpg 1024w, http://www.segunda-feira.de/wp-content/uploads/2015/04/Karsten-Montag-300x200.jpg 300w, http://www.segunda-feira.de/wp-content/uploads/2015/04/Karsten-Montag-450x300.jpg 450w" sizes="auto, (max-width: 584px) 100vw, 584px" /></a></p>
<p>Während meine Frau Sylvia in Brasilia arbeitet, lerne ich Portugiesisch, reise durch Südamerika und berichte darüber. Und ansonsten mache ich mir Gedanken über Gott und die Welt.</p>

<p>Während meine Frau Sylvia in Brasilia arbeitet, lerne ich Portugiesisch, reise durch Südamerika und berichte darüber. Und ansonsten mache ich mir Gedanken über Gott und die Welt.</p>
