{"id":634,"date":"2015-06-16T23:28:49","date_gmt":"2015-06-16T21:28:49","guid":{"rendered":"http:\/\/www.segunda-feira.de\/?page_id=634"},"modified":"2015-08-26T04:04:13","modified_gmt":"2015-08-26T02:04:13","slug":"science-fiction","status":"publish","type":"page","link":"http:\/\/www.segunda-feira.de\/?page_id=634","title":{"rendered":"Welt von morgen"},"content":{"rendered":"<p>Ich wurde Ende der 1960er Jahre geboren, in der absoluten Bl\u00fctezeit der bemannten Raumfahrt. Als Kind war ich fasziniert von der Vorstellung zu anderen Planeten zu reisen und mit Au\u00dferirdischen in Kontakt zu treten.<\/p>\n<p>Sternenreisen ist in den letzten Jahrzehnten im \u00f6ffentlichen Interesse jedoch etwas in den Hintergrund getreten. Gelder f\u00fcr bemannte Raumfl\u00fcge werden mehr und mehr gestrichen. Es wird immer wahrscheinlicher, dass Menschen in der nahen Zukunft h\u00f6chstens noch zur Internationalen Raumstation fliegen oder sich als Weltraumtouristen im erdnahen Orbit tummeln werden. Ein bemannter Flug zum Mars steht dort, wohin Science Fiction-Begeisterte eigentlich reisen wollen: in den Sternen.<\/p>\n<p>Mein erster Beitrag zum Thema Sternenreisen beschreibt, warum das Reisen zu den Sternen f\u00fcr uns Menschen so gut wie unm\u00f6glich ist:<\/p>\n<p><a href=\"http:\/\/www.segunda-feira.de\/?page_id=636\">Das Problem mit Science Fiction und dem Sternenreisen<\/a><\/p>\n<p>Der zweite Beitrag beleuchtet den aktuellen Stand zur Entwicklung von k\u00fcnstlicher Intelligenz:<\/p>\n<p><a href=\"http:\/\/www.segunda-feira.de\/?page_id=749\">K\u00fcnstliche Intelligenz, Bewusstsein und die M\u00f6glichkeiten des Quantencomputers<\/a><\/p>\n<p>Der dritte Beitrag besch\u00e4ftigt sich mit dem aktuellen Stand der Genforschung zum Alterungsprozess:<\/p>\n<p><a href=\"http:\/\/www.segunda-feira.de\/?page_id=786\">Stand der Genforschung zum Alterungsprozess<\/a><\/p>\n<p>Vierter Beitrag zum Stand der Nanotechnologie:<\/p>\n<p><a href=\"http:\/\/www.segunda-feira.de\/?page_id=812\">Nanotechnologie<\/a><\/p>\n<p>Der f\u00fcnfte und vorerst letzte Beitrag besch\u00e4ftigt sich mit dem Klimawandel und der Bev\u00f6lkerungsentwicklung:<\/p>\n<p><a href=\"http:\/\/www.segunda-feira.de\/?page_id=844\">Klimawandel und Bev\u00f6lkerungsentwicklung<\/a><\/p>\n","protected":false},"excerpt":{"rendered":"<p>Ich wurde Ende der 1960er Jahre geboren, in der absoluten Bl\u00fctezeit der bemannten Raumfahrt. Als Kind war ich fasziniert von der Vorstellung zu anderen Planeten zu reisen und mit Au\u00dferirdischen in Kontakt zu treten. Sternenreisen ist in den letzten Jahrzehnten &hellip; <a href=\"http:\/\/www.segunda-feira.de\/?page_id=634\">Weiterlesen <span class=\"meta-nav\">&rarr;<\/span><\/a><\/p>\n","protected":false},"author":1,"featured_media":0,"parent":0,"menu_order":0,"comment_status":"open","ping_status":"open","template":"sidebar-page.php","meta":{"jetpack_post_was_ever_published":false,"footnotes":""},"class_list":["post-634","page","type-page","status-publish","hentry"],"jetpack_sharing_enabled":true,"jetpack_shortlink":"https:\/\/wp.me\/P64WYd-ae","jetpack_likes_enabled":true,"_links":{"self":[{"href":"http:\/\/www.segunda-feira.de\/index.php?rest_route=\/wp\/v2\/pages\/634","targetHints":{"allow":["GET"]}}],"collection":[{"href":"http:\/\/www.segunda-feira.de\/index.php?rest_route=\/wp\/v2\/pages"}],"about":[{"href":"http:\/\/www.segunda-feira.de\/index.php?rest_route=\/wp\/v2\/types\/page"}],"author":[{"embeddable":true,"href":"http:\/\/www.segunda-feira.de\/index.php?rest_route=\/wp\/v2\/users\/1"}],"replies":[{"embeddable":true,"href":"http:\/\/www.segunda-feira.de\/index.php?rest_route=%2Fwp%2Fv2%2Fcomments&post=634"}],"version-history":[{"count":12,"href":"http:\/\/www.segunda-feira.de\/index.php?rest_route=\/wp\/v2\/pages\/634\/revisions"}],"predecessor-version":[{"id":850,"href":"http:\/\/www.segunda-feira.de\/index.php?rest_route=\/wp\/v2\/pages\/634\/revisions\/850"}],"wp:attachment":[{"href":"http:\/\/www.segunda-feira.de\/index.php?rest_route=%2Fwp%2Fv2%2Fmedia&parent=634"}],"curies":[{"name":"wp","href":"https:\/\/api.w.org\/{rel}","templated":true}]}}

<p>Ich wurde Ende der 1960er Jahre geboren, in der absoluten Blütezeit der bemannten Raumfahrt. Als Kind war ich fasziniert von der Vorstellung zu anderen Planeten zu reisen und mit Außerirdischen in Kontakt zu treten.</p>
<p>Sternenreisen ist in den letzten Jahrzehnten im öffentlichen Interesse jedoch etwas in den Hintergrund getreten. Gelder für bemannte Raumflüge werden mehr und mehr gestrichen. Es wird immer wahrscheinlicher, dass Menschen in der nahen Zukunft höchstens noch zur Internationalen Raumstation fliegen oder sich als Weltraumtouristen im erdnahen Orbit tummeln werden. Ein bemannter Flug zum Mars steht dort, wohin Science Fiction-Begeisterte eigentlich reisen wollen: in den Sternen.</p>
<p>Mein erster Beitrag zum Thema Sternenreisen beschreibt, warum das Reisen zu den Sternen für uns Menschen so gut wie unmöglich ist:</p>
<p><a href="http://www.segunda-feira.de/?page_id=636">Das Problem mit Science Fiction und dem Sternenreisen</a></p>
<p>Der zweite Beitrag beleuchtet den aktuellen Stand zur Entwicklung von künstlicher Intelligenz:</p>
<p><a href="http://www.segunda-feira.de/?page_id=749">Künstliche Intelligenz, Bewusstsein und die Möglichkeiten des Quantencomputers</a></p>
<p>Der dritte Beitrag beschäftigt sich mit dem aktuellen Stand der Genforschung zum Alterungsprozess:</p>
<p><a href="http://www.segunda-feira.de/?page_id=786">Stand der Genforschung zum Alterungsprozess</a></p>
<p>Vierter Beitrag zum Stand der Nanotechnologie:</p>
<p><a href="http://www.segunda-feira.de/?page_id=812">Nanotechnologie</a></p>
<p>Der fünfte und vorerst letzte Beitrag beschäftigt sich mit dem Klimawandel und der Bevölkerungsentwicklung:</p>
<p><a href="http://www.segunda-feira.de/?page_id=844">Klimawandel und Bevölkerungsentwicklung</a></p>

<p>Ich wurde Ende der 1960er Jahre geboren, in der absoluten Blütezeit der bemannten Raumfahrt. Als Kind war ich fasziniert von der Vorstellung zu anderen Planeten zu reisen und mit Außerirdischen in Kontakt zu treten. Sternenreisen ist in den letzten Jahrzehnten &hellip; <a href="http://www.segunda-feira.de/?page_id=634">Weiterlesen <span class="meta-nav">&rarr;</span></a></p>
